{"id":759,"date":"2026-01-02T18:59:29","date_gmt":"2026-01-02T17:59:29","guid":{"rendered":"https:\/\/www.thurgarden.net\/shop\/?post_type=product&#038;p=759"},"modified":"2026-01-07T15:49:52","modified_gmt":"2026-01-07T14:49:52","slug":"queensland","status":"publish","type":"product","link":"https:\/\/thurgarden.net\/shop\/produkt\/queensland\/","title":{"rendered":"Queensland"},"content":{"rendered":"","protected":false},"excerpt":{"rendered":"<p>Denna speciella tulpan \u00e4r k\u00e4nd f\u00f6r sina sl\u00e5ende, stora och koppformade blommor. Kronbladen varierar i olika f\u00e4ngslande f\u00e4rger, fr\u00e5n djupt r\u00f6da och purpurf\u00e4rgade till mjuka rosa och rena vita, vilket g\u00f6r den till en otroligt m\u00e5ngsidig och visuellt tilltalande blomma.<\/p>\n<p>H\u00e4mtas (efter du har f\u00e5tt bekr\u00e4ftelse p\u00e5 hanterad order) inom 24 timmar.<\/p>\n","protected":false},"featured_media":804,"template":"","meta":{"_acf_changed":false},"product_brand":[],"product_cat":[17],"product_tag":[45],"class_list":{"0":"post-759","1":"product","2":"type-product","3":"status-publish","4":"has-post-thumbnail","6":"product_cat-tulpaner","7":"product_tag-enkelblommande","9":"first","10":"instock","11":"taxable","12":"shipping-taxable","13":"product-type-simple"},"acf":[],"jetpack_sharing_enabled":true,"_links":{"self":[{"href":"https:\/\/thurgarden.net\/shop\/wp-json\/wp\/v2\/product\/759","targetHints":{"allow":["GET"]}}],"collection":[{"href":"https:\/\/thurgarden.net\/shop\/wp-json\/wp\/v2\/product"}],"about":[{"href":"https:\/\/thurgarden.net\/shop\/wp-json\/wp\/v2\/types\/product"}],"wp:featuredmedia":[{"embeddable":true,"href":"https:\/\/thurgarden.net\/shop\/wp-json\/wp\/v2\/media\/804"}],"wp:attachment":[{"href":"https:\/\/thurgarden.net\/shop\/wp-json\/wp\/v2\/media?parent=759"}],"wp:term":[{"taxonomy":"product_brand","embeddable":true,"href":"https:\/\/thurgarden.net\/shop\/wp-json\/wp\/v2\/product_brand?post=759"},{"taxonomy":"product_cat","embeddable":true,"href":"https:\/\/thurgarden.net\/shop\/wp-json\/wp\/v2\/product_cat?post=759"},{"taxonomy":"product_tag","embeddable":true,"href":"https:\/\/thurgarden.net\/shop\/wp-json\/wp\/v2\/product_tag?post=759"}],"curies":[{"name":"wp","href":"https:\/\/api.w.org\/{rel}","templated":true}]}}